r of 308 and 41503.
77
What is the highest common factor of 10526 and 114?
38
Calculate the greatest common factor of 6339 and 17.
1
What is the highest common factor of 552 and 4374?
6
Calculate the greatest common factor of 1634 and 26918.
86
What is the greatest common divisor of 3774173 and 1066?
533
Calculate the highest common divisor of 126 and 1722.
42
What is the highest common divisor of 1236540 and 30?
30
What is the greatest common divisor of 21 and 7637?
7
Calculate the highest common factor of 142 and 67379.
71
Calculate the greatest common factor of 109160 and 200.
40
What is the greatest common divisor of 13 and 775463?
13
What is the greatest common factor of 100350 and 1250?
50
Calculate the greatest common factor of 1055584 and 32.
32
Calculate the highest common divisor of 13398 and 1617.
231
What is the highest common factor of 1181517 and 204?
51
Calculate the greatest common divisor of 420298 and 248.
62
Calculate the highest common divisor of 33984 and 45504.
576
Calculate the highest common factor of 2921 and 14490.
23
Calculate the greatest common divisor of 252 and 638001.
63
Calculate the greatest common divisor of 2595 and 930.
15
What is the highest common divisor of 211640 and 520?
520
Calculate the greatest common factor of 32 and 35824.
16
What is the highest common factor of 318 and 604677?
159
What is the greatest common factor of 114 and 125172?
114
Calculate the greatest common factor of 4809 and 273.
21
What is the highest common divisor of 28 and 109774?
14
Calculate the highest common divisor of 1780 and 7780.
20
Calculate the highest common divisor of 708810 and 120.
30
Calculate the highest common divisor of 720 and 309968.
16
Calculate the highest common divisor of 30 and 1040955.
15
Calculate the highest common divisor of 229329 and 1228.
307
Calculate the highest common factor of 132110 and 2640.
110
Calculate the highest common divisor of 528560 and 16.
16
Calculate the highest common divisor of 10368 and 1512.
216
Calculate the greatest common divisor of 24700 and 819.
13
What is the greatest common factor of 2877868 and 196?
196
Calculate the highest common factor of 32216 and 136.
8
What is the greatest common factor of 77022 and 198?
198
Calculate the greatest common divisor of 49255 and 35.
5
What is the greatest common divisor of 72 and 632151?
9
What is the highest common divisor of 93016 and 1078?
154
What is the highest common factor of 57828 and 4636?
244
Calculate the greatest common divisor of 3543239 and 1503.
167
Calculate the highest common factor of 5 and 74120.
5
Calculate the highest common factor of 23410 and 7.
1
Calculate the greatest common divisor of 294 and 2526.
6
Calculate the highest common factor of 249362 and 41.
41
Calculate the greatest common divisor of 130790 and 1430.
110
Calculate the highest common factor of 4878 and 14092.
542
Calculate the greatest common factor of 407647 and 4509.
167
What is the highest common factor of 473 and 19712?
11
Calculate the highest common factor of 40 and 760.
40
What is the highest common factor of 1507 and 462?
11
Calculate the greatest common factor of 440 and 209720.
40
What is the highest common factor of 1344 and 25032?
168
Calculate the greatest common factor of 307598 and 415.
83
Calculate the greatest common factor of 148181 and 418.
209
What is the highest common divisor of 18855 and 525?
15
What is the greatest common factor of 6 and 6382?
2
What is the highest common factor of 1204 and 1118?
86
Calculate the highest common factor of 322154 and 154.
14
What is the highest common factor of 303033 and 498?
249
Calculate the highest common divisor of 225 and 2211525.
225
Calculate the highest common divisor of 9263828 and 84.
28
Calculate the greatest common factor of 33768 and 56.
56
Calculate the highest common factor of 358284 and 146.
146
Calculate the highest common factor of 1041 and 85709.
347
What is the highest common factor of 102 and 71196?
102
What is the greatest common divisor of 1520 and 1438870?
190
What is the greatest common divisor of 1803 and 75?
3
Calculate the greatest common divisor of 90 and 1983510.
90
Calculate the greatest common divisor of 1093372 and 952.
476
Calculate the greatest common factor of 907953 and 289.
17
What is the highest common factor of 75 and 3639525?
75
Calculate the greatest common factor of 99 and 301950.
99
Calculate the greatest common factor of 2920 and 280.
40
Calculate the highest common factor of 32690 and 140.
70
Calculate the highest common divisor of 1240 and 6076.
124
What is the greatest common divisor of 19418 and 26334?
266
Calculate the highest common factor of 875 and 170975.
175
Calculate the greatest common factor of 71 and 19951.
71
What is the highest common divisor of 60 and 35570?
10
What is the greatest common factor of 9042 and 528?
66
What is the greatest common divisor of 66 and 173294?
22
Calculate the greatest common factor of 40520 and 110.
10
Calculate the highest common factor of 3683 and 268732.
127
What is the greatest common divisor of 7509 and 45?
3
Calculate the greatest common divisor of 326592 and 448.
448
Calculate the greatest common factor of 198 and 252153.
99
What is the greatest common divisor of 22333 and 2?
1
Calculate the greatest common factor of 97056 and 456.
24
Calculate the highest common divisor of 3008109 and 78.
39
What is the highest common factor of 140670 and 18?
18
What is the greatest common factor of 18397810 and 815?
815
What is the greatest common factor of 999 and 15831?
9
Calculate the greatest common divisor of 1746 and 243.
9
Calculate the greatest common divisor of 688 and 221296.
16
What is the greatest common factor of 291986 and 402?
134
What is the greatest common divisor of 57419 and 134?
67
What is the highest common divisor of 657 and 14089?
73
Calculate the highest common divisor of 1440 and 19620.
180
What is the greatest common factor of 969697 and 1?
1
Calculate the highest common factor of 27833 and 143.
13
Calculate the greatest common factor of 156 and 861.
3
What is the highest common factor of 140 and 36092?
28
What is the highest common divisor of 1695440 and 400?
80
What is the greatest common divisor of 184 and 62344?
8
What is the highest common divisor of 272862 and 1296?
54
Calculate the highest common factor of 2257 and 20740.
61
What is the greatest common divisor of 186075 and 5?
5
Calculate the greatest common divisor of 26270 and 259.
37
What is the greatest common divisor of 421211 and 77?
7
What is the greatest common factor of 5495 and 3454?
157
Calculate the greatest common factor of 147359 and 59819.
1459
What is the greatest common factor of 25382 and 370?
74
Calculate the highest common factor of 225492 and 38.
38
What is the greatest common divisor of 110074 and 752?
94
What is the highest common factor of 6289813 and 1003?
1003
What is the greatest common divisor of 348649 and 14?
7
What is the highest common divisor of 2212 and 104280?
316
Calculate the highest common divisor of 3390000 and 1440.
240
Calculate the greatest common divisor of 119 and 9758.
119
What is the greatest common divisor of 39861 and 1236?
309
Calculate the highest common divisor of 849781 and 23.
23
Calculate the highest common divisor of 4097118 and 3.
3
What is the highest common factor of 1198 and 296?
2
Calculate the highest common factor of 26478 and 720.
18
Calculate the greatest common divisor of 1008 and 26496.
144
Calculate the highest common divisor of 2660 and 350.
70
Calculate the greatest common divisor of 12128 and 16.
16
What is the greatest common divisor of 2110 and 76382?
422
What is the greatest common factor of 361 and 1401041?
361
Calculate the greatest common divisor of 16081 and 39.
13
Calculate the greatest common divisor of 13872 and 20.
4
What is the greatest common divisor of 4424 and 44872?
632
Calculate the highest common factor of 855 and 2298525.
285
Calculate the greatest common factor of 65641 and 82.
41
What is the highest common factor of 2413 and 23503?
19
What is the greatest common factor of 20825 and 3185?
245
Calculate the highest common factor of 413 and 947363.
59
Calculate the greatest common factor of 130389 and 294.
147
What is the greatest common di